n factor of 976 and 32.
16
Calculate the highest common divisor of 16 and 24.
8
Calculate the greatest common divisor of 10 and 11930.
10
Calculate the highest common divisor of 180 and 24.
12
Calculate the greatest common factor of 7448 and 19.
19
Calculate the greatest common divisor of 8 and 2056.
8
What is the greatest common divisor of 98 and 6?
2
What is the greatest common factor of 176 and 336?
16
What is the greatest common factor of 696 and 6?
6
What is the highest common divisor of 22 and 88?
22
What is the greatest common factor of 170 and 650?
10
What is the greatest common factor of 142 and 7739?
71
Calculate the highest common factor of 2299 and 76.
19
Calculate the greatest common divisor of 3584 and 32.
32
Calculate the highest common factor of 1089 and 66.
33
What is the greatest common factor of 2086 and 3874?
298
What is the greatest common factor of 40 and 820?
20
Calculate the highest common divisor of 1036 and 14.
14
What is the greatest common divisor of 240 and 168?
24
Calculate the highest common factor of 91 and 533.
13
Calculate the greatest common factor of 232 and 812.
116
Calculate the greatest common divisor of 189 and 1953.
63
Calculate the highest common factor of 120 and 24.
24
Calculate the highest common factor of 210 and 30.
30
What is the greatest common factor of 189 and 924?
21
What is the highest common factor of 13 and 481?
13
Calculate the greatest common divisor of 81 and 312.
3
Calculate the highest common factor of 495 and 90.
45
What is the highest common divisor of 205 and 287?
41
Calculate the highest common divisor of 501 and 3.
3
Calculate the greatest common factor of 595 and 70.
35
Calculate the highest common divisor of 84 and 56.
28
Calculate the highest common factor of 27 and 2727.
27
Calculate the highest common divisor of 455 and 4235.
35
What is the greatest common factor of 1148 and 896?
28
What is the greatest common factor of 30 and 432?
6
What is the greatest common divisor of 50 and 450?
50
What is the highest common divisor of 1512 and 696?
24
What is the highest common factor of 799 and 188?
47
What is the highest common factor of 9 and 243?
9
Calculate the greatest common factor of 1085 and 279.
31
What is the highest common factor of 8 and 232?
8
What is the greatest common factor of 407 and 22?
11
Calculate the highest common divisor of 10 and 170.
10
Calculate the greatest common factor of 714 and 42.
42
Calculate the greatest common divisor of 20 and 3340.
20
Calculate the highest common factor of 83 and 15853.
83
What is the greatest common divisor of 32406 and 66?
66
Calculate the greatest common divisor of 15 and 555.
15
What is the greatest common divisor of 617 and 4?
1
Calculate the highest common divisor of 100 and 11725.
25
What is the greatest common divisor of 2295 and 10?
5
What is the highest common divisor of 2502 and 54?
18
What is the greatest common divisor of 11 and 605?
11
What is the greatest common factor of 106 and 10335?
53
What is the greatest common divisor of 10 and 85?
5
What is the greatest common factor of 736 and 32?
32
Calculate the highest common factor of 56000 and 70.
70
What is the greatest common divisor of 286 and 650?
26
What is the greatest common factor of 6102 and 108?
54
What is the highest common factor of 176 and 96?
16
Calculate the highest common divisor of 14 and 4963.
7
Calculate the highest common factor of 155 and 5.
5
Calculate the highest common factor of 40 and 1960.
40
What is the greatest common divisor of 946 and 66?
22
Calculate the greatest common factor of 4690 and 140.
70
What is the highest common divisor of 1738 and 22?
22
What is the greatest common divisor of 181 and 54119?
181
Calculate the greatest common factor of 60 and 1240.
20
What is the greatest common factor of 954 and 90?
18
What is the highest common divisor of 7 and 112?
7
Calculate the greatest common factor of 54320 and 224.
112
Calculate the greatest common divisor of 2464 and 8.
8
What is the highest common factor of 126 and 10269?
63
What is the highest common divisor of 13 and 107458?
13
Calculate the highest common divisor of 272 and 2516.
68
Calculate the highest common factor of 2701 and 73.
73
What is the greatest common factor of 7112 and 56?
56
What is the greatest common factor of 94 and 184?
2
Calculate the greatest common factor of 14 and 4571.
7
Calculate the highest common factor of 7 and 44.
1
What is the highest common factor of 11 and 1540?
11
Calculate the greatest common divisor of 30019 and 11.
11
What is the greatest common divisor of 2 and 255?
1
What is the highest common factor of 121 and 55?
11
Calculate the highest common factor of 36 and 18.
18
What is the highest common factor of 60312 and 359?
359
Calculate the highest common factor of 64 and 152.
8
What is the greatest common factor of 1298 and 66?
22
What is the highest common factor of 806 and 26?
26
What is the highest common factor of 403 and 62?
31
What is the greatest common factor of 78 and 3783?
39
Calculate the highest common factor of 42 and 4242.
42
Calculate the greatest common factor of 30 and 85.
5
Calculate the highest common divisor of 13583 and 47.
47
What is the greatest common divisor of 3366 and 63?
9
What is the greatest common factor of 1 and 3617?
1
What is the highest common factor of 580 and 6235?
145
What is the greatest common divisor of 6640 and 16?
16
Calculate the greatest common divisor of 4690 and 268.
134
What is the highest common factor of 13 and 1092?
13
What is the greatest common divisor of 1072 and 16?
16
Calculate the greatest common divisor of 767 and 13.
13
What is the greatest common divisor of 104 and 169?
13
What is the greatest common divisor of 165 and 135?
15
What is the greatest common divisor of 43 and 3354?
43
What is the highest common divisor of 40 and 3820?
20
What is the greatest common factor of 3296 and 32?
32
What is the highest common divisor of 70 and 8470?
70
What is the greatest common factor of 14739 and 289?
289
Calculate the highest common divisor of 151 and 302.
151
What is the greatest common divisor of 782 and 34?
34
Calculate the highest common divisor of 18 and 64638.
18
What is the highest common factor of 2184 and 2688?
168
Calculate the highest common divisor of 628 and 4.
4
What is the highest common divisor of 111 and 3552?
111
Calculate the highest common divisor of 2968 and 42.
14
What is the greatest common factor of 6675 and 150?
75
Calculate the highest common factor of 6153 and 21.
21
Calculate the greatest common factor of 608 and 224.
32
Calculate the highest common divisor of 164 and 1681.
41
Calculate the greatest common factor of 816 and 4437.
51
Calculate the highest common divisor of 671 and 22.
11
What is the greatest common divisor of 91 and 1547?
91
What is the greatest common factor of 702 and 34047?
351
Calculate the highest common divisor of 38 and 19.
19
What is the highest common factor of 69 and 2346?
69
Calculate the highest common divisor of 4424 and 56.
56
Calculate the greatest common divisor of 85 and 10.
5
What is the greatest common factor of 326 and 13529?
163
Calculate the highest common factor of 70 and 575.
5
What is the greatest common factor of 88 and 11?
11
What is the greatest common divisor of 31 and 1643?
31
Calculate the highest common divisor of 371 and 56.
7
What is the highest common factor of 195 and 156?
39
Calculate the highest common factor of 3297 and 42.
21
What is the highest common divisor of 297 and 6291?
27
Calculate the highest common divisor of 1508 and 638.
58
Calculate the greatest common factor of 1408 and 11.
11
Calculate the greatest common factor of 51 and 15861.
51
What is the highest common divisor of 130 and 850?
10
Calculate the highest common factor of 484 and 1694.
242
Calculate the greatest common factor of 20 and 240.
20
What is the highest common factor of 896 and 4704?
224
Calculate the greatest common divisor of 864 and 27.
27
Calculate the greatest common factor of 16786 and 77.
77
Calculate the highest common divisor of 4482 and 486.
54
What is the highest common factor of 46 and 1242?
46
Calculate the greatest common divisor of 6 and 2094.
6
Calculate the greatest common factor of 16 and 8.
8
What is the greatest 